st common factor of 156 and 79612?
52
What is the greatest common divisor of 7150 and 62205?
715
Calculate the highest common divisor of 46590 and 30.
30
Calculate the greatest common factor of 1115 and 5817847.
223
Calculate the greatest common factor of 6751 and 15609.
43
Calculate the highest common factor of 2134 and 704.
22
Calculate the greatest common factor of 77 and 17413.
11
Calculate the greatest common divisor of 57 and 7657.
19
Calculate the greatest common factor of 297 and 116.
1
Calculate the greatest common divisor of 1224 and 2313.
9
What is the greatest common divisor of 1161 and 81?
27
What is the greatest common divisor of 16 and 656672?
16
What is the greatest common factor of 55746 and 144?
18
What is the highest common factor of 80 and 1528380?
20
Calculate the highest common factor of 83898 and 1829.
59
Calculate the highest common factor of 170 and 17918.
34
Calculate the highest common divisor of 84 and 24564.
12
Calculate the greatest common divisor of 16470 and 630.
90
What is the highest common divisor of 2144 and 11993?
67
Calculate the greatest common divisor of 1844069 and 19340.
967
What is the greatest common factor of 273 and 1236027?
39
What is the greatest common factor of 880434 and 2952?
738
Calculate the highest common divisor of 1430 and 2080.
130
What is the greatest common factor of 63449 and 335?
67
What is the greatest common divisor of 63 and 130354?
7
What is the greatest common factor of 13080 and 46080?
120
Calculate the greatest common factor of 105 and 244923.
21
Calculate the highest common divisor of 572764 and 8.
4
Calculate the greatest common factor of 169 and 66339.
13
Calculate the greatest common divisor of 73 and 108551.
73
Calculate the highest common divisor of 74229 and 80358.
681
Calculate the highest common divisor of 9231738 and 372.
186
What is the highest common divisor of 437 and 2356?
19
Calculate the greatest common factor of 3586 and 2266.
22
What is the greatest common factor of 2883 and 100161?
93
What is the greatest common factor of 63988 and 2176?
68
What is the greatest common divisor of 76 and 4028?
76
What is the highest common factor of 33550 and 375?
25
What is the highest common factor of 8964 and 486?
54
What is the greatest common divisor of 1635 and 5412395?
545
Calculate the highest common divisor of 3624 and 216.
24
What is the highest common factor of 251944 and 264?
88
What is the greatest common divisor of 567160 and 30?
10
Calculate the highest common divisor of 3762 and 35838.
198
What is the greatest common divisor of 378 and 257418?
378
Calculate the highest common divisor of 190596 and 252.
84
Calculate the highest common factor of 491206 and 2735.
547
What is the greatest common factor of 1320 and 8536?
88
What is the highest common divisor of 59413 and 55385?
1007
What is the highest common factor of 3072 and 41088?
384
What is the highest common factor of 902 and 2134?
22
Calculate the greatest common divisor of 73937 and 1391.
107
What is the highest common divisor of 173019 and 462?
231
Calculate the highest common divisor of 17472 and 6132.
84
Calculate the greatest common factor of 9401 and 9877.
119
Calculate the greatest common divisor of 546 and 336180.
78
What is the greatest common divisor of 210 and 22134?
42
What is the greatest common factor of 42588 and 996?
12
What is the greatest common divisor of 946 and 6974?
22
Calculate the greatest common divisor of 64435 and 127555.
1315
Calculate the greatest common divisor of 21659 and 2327.
179
Calculate the greatest common factor of 142936 and 4.
4
Calculate the highest common divisor of 70778 and 172.
86
Calculate the highest common divisor of 9264 and 1488.
48
What is the greatest common divisor of 83607 and 116?
29
What is the greatest common factor of 106296 and 4?
4
Calculate the highest common divisor of 268016 and 3584.
112
What is the highest common divisor of 724566 and 197?
197
Calculate the greatest common factor of 1859394 and 12.
6
Calculate the highest common divisor of 13186 and 44069.
347
What is the greatest common divisor of 112925 and 225?
25
Calculate the greatest common factor of 243945 and 455.
65
Calculate the highest common factor of 188886 and 102.
6
Calculate the greatest common factor of 2478843 and 81.
81
What is the highest common factor of 15 and 400?
5
Calculate the greatest common factor of 2075 and 126492.
83
What is the highest common factor of 394200 and 1224?
72
Calculate the greatest common divisor of 62360 and 830947.
1559
Calculate the greatest common factor of 10329108 and 24.
12
What is the highest common divisor of 36 and 1969038?
18
What is the greatest common factor of 733 and 43247?
733
Calculate the greatest common divisor of 194495 and 105.
35
Calculate the highest common factor of 101886 and 18.
6
What is the highest common factor of 8232 and 37032?
24
What is the highest common factor of 90 and 1180680?
30
What is the greatest common factor of 1146440 and 40?
40
Calculate the greatest common divisor of 161162 and 427.
61
What is the highest common factor of 86978 and 5809?
157
What is the highest common divisor of 199605 and 105?
105
Calculate the greatest common divisor of 77830 and 18490.
430
What is the highest common factor of 5533 and 3509?
11
What is the greatest common divisor of 3 and 4224?
3
Calculate the greatest common divisor of 2304 and 3520.
64
What is the highest common divisor of 108 and 76296?
12
What is the highest common divisor of 9252967 and 991?
991
Calculate the greatest common factor of 1119328 and 96.
32
What is the greatest common factor of 3637998 and 182?
182
What is the greatest common divisor of 558603 and 108?
27
Calculate the highest common factor of 58089 and 1005.
201
What is the greatest common factor of 19492 and 2728?
44
Calculate the highest common factor of 254 and 311531.
127
What is the highest common factor of 31144 and 437390?
458
Calculate the highest common divisor of 108 and 186.
6
What is the greatest common divisor of 12 and 63990?
6
Calculate the greatest common divisor of 171 and 21242.
19
What is the greatest common factor of 120 and 212200?
40
Calculate the greatest common factor of 14045 and 477.
53
What is the highest common divisor of 1220 and 3538?
122
Calculate the greatest common factor of 264 and 10296.
264
What is the highest common divisor of 2860 and 512512?
572
What is the greatest common divisor of 306 and 55431?
9
What is the greatest common factor of 4800 and 315400?
200
What is the greatest common divisor of 2430 and 1065?
15
What is the highest common factor of 112932 and 36?
36
What is the greatest common divisor of 4069 and 286?
13
What is the greatest common divisor of 120 and 73280?
40
Calculate the greatest common divisor of 1137 and 1675559.
379
Calculate the greatest common factor of 298 and 562.
2
Calculate the greatest common divisor of 4142 and 3706.
218
What is the highest common divisor of 189 and 167373?
27
Calculate the highest common divisor of 340 and 2578220.
340
What is the highest common factor of 2600 and 7592?
104
Calculate the greatest common divisor of 9084 and 45660.
12
What is the greatest common divisor of 35 and 194915?
35
What is the highest common factor of 2616 and 48832?
872
What is the highest common divisor of 9801 and 135?
27
Calculate the highest common factor of 7805 and 1322390.
1115
What is the highest common factor of 2606625 and 14?
7
What is the highest common factor of 152 and 266?
38
Calculate the highest common factor of 570341 and 1286.
643
What is the highest common factor of 110383 and 427?
7
Calculate the highest common factor of 405748 and 473.
43
Calculate the highest common factor of 238889 and 14.
7
Calculate the greatest common factor of 15147 and 2448.
153
Calculate the greatest common factor of 12 and 489900.
12
What is the greatest common factor of 29067 and 6?
3
Calculate the greatest common factor of 9165 and 367305.
705
Calculate the highest common divisor of 46 and 1515240.
46
What is the highest common divisor of 228 and 40622?
38
Calculate the greatest common factor of 5359 and 621.
23
Calculate the greatest common factor of 111 and 63381.
111
What is the highest common divisor of 13 and 276211?
13
What is 